{"id":327,"date":"2018-01-04T22:33:39","date_gmt":"2018-01-04T22:33:39","guid":{"rendered":"http:\/\/demo.devclick.uk\/accountancy\/?page_id=55"},"modified":"2025-11-27T14:53:09","modified_gmt":"2025-11-27T13:53:09","slug":"about","status":"publish","type":"page","link":"https:\/\/www.tests-performance.fr\/?page_id=327","title":{"rendered":"L&#8217;\u00e9quipe du site"},"content":{"rendered":"<div id=\"pl-327\"  class=\"panel-layout\" ><div id=\"pg-327-0\"  class=\"panel-grid panel-has-style\" ><div data-overlay-color=\"#000000\" class=\"panel-row-style panel-row-style-for-327-0\" ><div id=\"pgc-327-0-0\"  class=\"panel-grid-cell\" ><div id=\"panel-327-0-0-0\" class=\"so-panel widget widget_black-studio-tinymce widget_black_studio_tinymce panel-first-child panel-last-child\" data-index=\"0\" ><div data-widget-overlay-color=\"#000000\" class=\"panel-widget-style panel-widget-style-for-327-0-0-0\" ><h3 class=\"widget-title\">L&#8217;\u00e9quipe du site<\/h3><div class=\"textwidget\"><p>Nous sommes deux consultants testing (Philippe Naveau et Olivier Rundstadler) actuellement en poste chez Sogeti France, passionn\u00e9s par les tests de performance et nous avons d\u00e9cid\u00e9 de partager ici l'actualit\u00e9 g\u00e9n\u00e9rale concernant les tests et plus particuli\u00e8rement les tests de performance.<\/p>\n<\/div><\/div><\/div><\/div><\/div><\/div><div id=\"pg-327-1\"  class=\"panel-grid panel-has-style\" ><div data-overlay-color=\"#000000\" class=\"panel-row-style panel-row-style-for-327-1\" ><div id=\"pgc-327-1-0\"  class=\"panel-grid-cell\" ><div id=\"panel-327-1-0-0\" class=\"so-panel widget widget_dc_featured_team_member devclick-team-member panel-first-child panel-last-child\" data-index=\"1\" ><div data-widget-overlay-color=\"#000000\" class=\"panel-widget-style panel-widget-style-for-327-1-0-0\" >\n\t\t\t<div class=\"team-member text-left team-member-style-two\">\n\n\t\t\t\t\n\t\t\t\t<div class=\"team-member-inner\">\n\n\t\t\t\t\t\n\t\t\t\t\t\t<h3>\n\t\t\t\t\t\t\t<a href=\"https:\/\/www.tests-performance.fr\/?team=philippe-naveau\">Philippe Naveau<\/a>\n\t\t\t\t\t\t<\/h3>\n\n\t\t\t\t\t\n\t\t\t\t\t\n\t\t\t\t\t\t<div class=\"team-member-position\">\n\t\t\t\t\t\t\t<span>Consultant<\/span>\n\t\t\t\t\t\t<\/div><!-- .team-member-position -->\n\n\t\t\t\t\t\n\t\t\t\t\t\n\t\t\t\t\t\t<p>\r\n\r\n\r\n\r\n\r\n\r\n\r\n\r\n\r\n\r\nJ&#039;ai plus de 16 ans d\u2019exp\u00e9rience dans le domaine du test et je travaille actuellement pour le compte...<\/p>\n\n\t\t\t\t\t\n\t\t\t\t\t\t\t\t\t\t\t<div class=\"team-social-icons\">\n\n\t\t\t\t\t\t\t\n\t\t\t\t\t\t\t\n\t\t\t\t\t\t\t\n\t\t\t\t\t\t\t\t\t\t\t\t\t\t\t<a href=\"https:\/\/www.linkedin.com\/in\/philippe-naveau-99284859\" target=\"_blank\"><i class=\"fa fa-linkedin\"><\/i><\/a>\n\t\t\t\t\t\t\t\n\t\t\t\t\t\t\t\t\t\t\t\t\t\t\n\t\t\t\t\t\t<\/div><!-- .team-social-icons -->\n\t\t\t\t\t\n\t\t\t\t<\/div><!-- .team-member-inner -->\n\n\t\t\t<\/div><!-- .team-member -->\n\n\t\t<\/div><\/div><\/div><div id=\"pgc-327-1-1\"  class=\"panel-grid-cell\" ><div id=\"panel-327-1-1-0\" class=\"so-panel widget widget_dc_featured_team_member devclick-team-member panel-first-child panel-last-child\" data-index=\"2\" ><div data-widget-overlay-color=\"#000000\" class=\"panel-widget-style panel-widget-style-for-327-1-1-0\" >\n\t\t\t<div class=\"team-member text-left team-member-style-two\">\n\n\t\t\t\t\n\t\t\t\t<div class=\"team-member-inner\">\n\n\t\t\t\t\t\n\t\t\t\t\t\t<h3>\n\t\t\t\t\t\t\t<a href=\"https:\/\/www.tests-performance.fr\/?team=olivier-rundstadler\">Olivier Rundstadler<\/a>\n\t\t\t\t\t\t<\/h3>\n\n\t\t\t\t\t\n\t\t\t\t\t\n\t\t\t\t\t\t<div class=\"team-member-position\">\n\t\t\t\t\t\t\t<span>Consultant<\/span>\n\t\t\t\t\t\t<\/div><!-- .team-member-position -->\n\n\t\t\t\t\t\n\t\t\t\t\t\n\t\t\t\t\t\t<p>\r\n\r\n\r\n\r\n\r\n\r\n\r\n\r\n\r\n\r\n\r\n\r\n\r\nAdministrateur du Blog : www.tests-performance.fr\r\n\r\n\r\n&nbsp;\r\n\r\n\r\n\r\n\r\n\r\n\r\n<\/p>\n\n\t\t\t\t\t\n\t\t\t\t\t\t\t\t\t\t\t<div class=\"team-social-icons\">\n\n\t\t\t\t\t\t\t\n\t\t\t\t\t\t\t\n\t\t\t\t\t\t\t\n\t\t\t\t\t\t\t\t\t\t\t\t\t\t\t<a href=\"https:\/\/www.linkedin.com\/in\/olivier-rundstadler\/\" target=\"_blank\"><i class=\"fa fa-linkedin\"><\/i><\/a>\n\t\t\t\t\t\t\t\n\t\t\t\t\t\t\t\t\t\t\t\t\t\t\n\t\t\t\t\t\t<\/div><!-- .team-social-icons -->\n\t\t\t\t\t\n\t\t\t\t<\/div><!-- .team-member-inner -->\n\n\t\t\t<\/div><!-- .team-member -->\n\n\t\t<\/div><\/div><\/div><\/div><\/div><div id=\"pg-327-2\"  class=\"panel-grid panel-has-style\" ><div data-overlay-color=\"#000000\" class=\"panel-row-style panel-row-style-for-327-2\" ><div id=\"pgc-327-2-0\"  class=\"panel-grid-cell\" ><div id=\"panel-327-2-0-0\" class=\"so-panel widget widget_black-studio-tinymce widget_black_studio_tinymce panel-first-child panel-last-child\" data-index=\"3\" ><div data-widget-overlay-color=\"#000000\" class=\"panel-widget-style panel-widget-style-for-327-2-0-0\" ><div class=\"textwidget\"><p>&nbsp;<\/p>\n<p>&nbsp;<\/p>\n<\/div><\/div><\/div><\/div><\/div><\/div><\/div>","protected":false},"excerpt":{"rendered":"<p>Nous sommes deux consultants testing (Philippe Naveau et Olivier Rundstadler) actuellement en poste chez Sogeti France, passionn\u00e9s par les tests de performance et nous avons d\u00e9cid\u00e9 de partager ici l&#8217;actualit\u00e9 g\u00e9n\u00e9rale concernant les tests et plus particuli\u00e8rement les tests de performance.<\/p>\n","protected":false},"author":3,"featured_media":0,"parent":0,"menu_order":0,"comment_status":"closed","ping_status":"closed","template":"template-full-width.php","meta":{"_monsterinsights_skip_tracking":false,"_monsterinsights_sitenote_active":false,"_monsterinsights_sitenote_note":"","_monsterinsights_sitenote_category":0,"footnotes":""},"class_list":["post-327","page","type-page","status-publish","hentry"],"acf":[],"jetpack_sharing_enabled":true,"_links":{"self":[{"href":"https:\/\/www.tests-performance.fr\/index.php?rest_route=\/wp\/v2\/pages\/327","targetHints":{"allow":["GET"]}}],"collection":[{"href":"https:\/\/www.tests-performance.fr\/index.php?rest_route=\/wp\/v2\/pages"}],"about":[{"href":"https:\/\/www.tests-performance.fr\/index.php?rest_route=\/wp\/v2\/types\/page"}],"author":[{"embeddable":true,"href":"https:\/\/www.tests-performance.fr\/index.php?rest_route=\/wp\/v2\/users\/3"}],"replies":[{"embeddable":true,"href":"https:\/\/www.tests-performance.fr\/index.php?rest_route=%2Fwp%2Fv2%2Fcomments&post=327"}],"version-history":[{"count":55,"href":"https:\/\/www.tests-performance.fr\/index.php?rest_route=\/wp\/v2\/pages\/327\/revisions"}],"predecessor-version":[{"id":2177,"href":"https:\/\/www.tests-performance.fr\/index.php?rest_route=\/wp\/v2\/pages\/327\/revisions\/2177"}],"wp:attachment":[{"href":"https:\/\/www.tests-performance.fr\/index.php?rest_route=%2Fwp%2Fv2%2Fmedia&parent=327"}],"curies":[{"name":"wp","href":"https:\/\/api.w.org\/{rel}","templated":true}]}}